e 10
-9163
-2b8b (base 12) to base 14
-1c39
What is 16373 (base 9) in base 11?
84a2
Convert -359 (base 13) to base 2.
-1001000101
Convert 21322 (base 4) to base 13.
39a
What is -10000122 (base 3) in base 2?
-100010011100
-29321 (base 10) to base 13
-10466
-211 (base 10) to base 6
-551
Convert -1323 (base 7) to base 9.
-623
-1121 (base 10) to base 12
-795
-1c (base 14) to base 7
-35
2420 (base 9) to base 15
800
-3233211 (base 5) to base 12
-280b3
What is -346 (base 11) in base 5?
-3123
What is 52d9 (base 16) in base 4?
11023121
Convert -4013 (base 5) to base 14.
-284
-3f3 (base 16) to base 7
-2643
Convert -3bb4 (base 12) to base 2.
-1101011111000
Convert 226 (base 7) to base 10.
118
Convert -10001000101000000 (base 2) to base 9.
-115854
303041 (base 5) to base 16
262b
-1453 (base 11) to base 15
-84d
Convert 718 (base 9) to base 13.
35c
Convert 12034 (base 5) to base 6.
4050
What is 6947 (base 13) in base 14?
5546
What is -26a (base 12) in base 5?
-2440
Convert -122023 (base 6) to base 11.
-8142
531 (base 13) to base 14
473
What is 562 (base 10) in base 6?
2334
-4864 (base 14) to base 11
-9544
155766 (base 8) to base 6
1112410
Convert -123131 (base 4) to base 14.
-8d7
Convert 43123 (base 6) to base 4.
1123323
What is 352 (base 6) in base 13?
aa
-223211 (base 7) to base 16
-9a7f
What is -19547 (base 11) in base 13?
-c552
33a1 (base 11) to base 10
4467
Convert 523 (base 8) to base 6.
1323
What is 117028 (base 9) in base 13?
26276
-13b0a (base 13) to base 3
-1212210011
What is 104001 (base 7) in base 13?
8376
Convert 11202 (base 5) to base 15.
387
Convert -1264 (base 7) to base 8.
-747
110101010010111 (base 2) to base 4
12222113
What is -2311 (base 8) in base 9?
-1611
What is -20652 (base 8) in base 10?
-8618
What is 101221012 (base 3) in base 12?
4742
What is -3013 (base 6) in base 10?
-657
What is -2315 (base 6) in base 12?
-39b
Convert 38b (base 12) to base 7.
1400
What is 612 (base 11) in base 8?
1343
Convert -101110100110000 (base 2) to base 15.
-7106
-1260 (base 16) to base 4
-1021200
Convert -e83 (base 16) to base 5.
-104330
Convert -1264 (base 8) to base 13.
-413
What is 5100 (base 6) in base 4?
101130
Convert -1393 (base 10) to base 3.
-1220121
What is 31023013 (base 4) in base 13?
1b739
What is -110540 (base 6) in base 13?
-42b7
e467 (base 15) to base 8
136167
What is -1b97 (base 12) in base 6?
-23511
What is 4304 (base 8) in base 4?
203010
-3364 (base 7) to base 16
-4c6
-491 (base 10) to base 8
-753
What is -10562 (base 10) in base 9?
-15435
122111 (base 3) to base 2
111011000
Convert 11011 (base 2) to base 14.
1d
Convert -51422 (base 6) to base 7.
-25661
Convert -5cc (base 16) to base 8.
-2714
Convert -10561 (base 8) to base 5.
-120330
What is -f8 (base 16) in base 11?
-206
21508 (base 10) to base 4
11100010
-1471 (base 8) to base 9
-1116
What is -22316 (base 7) in base 8?
-13020
Convert 1230 (base 6) to base 7.
615
3140 (base 6) to base 12
4b0
What is -bf1 (base 16) in base 3?
-11012020
-312124 (base 5) to base 11
-7804
-396f (base 16) to base 4
-3211233
Convert -1264 (base 7) to base 15.
-227
4a34 (base 12) to base 5
232032
What is -16503 (base 10) in base 3?
-211122020
What is 254 (base 13) in base 14?
211
Convert 12350 (base 6) to base 7.
5304
What is -105 (base 14) in base 3?
-21110
-3553 (base 9) to base 2
-101001010000
Convert 4594 (base 10) to base 5.
121334
Convert -3356 (base 7) to base 14.
-62d
Convert 1044301 (base 5) to base 3.
221122122
-2364 (base 7) to base 10
-879
Convert 14666 (base 8) to base 5.
202312
-210112112 (base 3) to base 8
-36525
What is 550 (base 8) in base 10?
360
771 (base 10) to base 2
1100000011
Convert 1012 (base 7) to base 3.
111001
What is 143 (base 11) in base 6?
440
What is -414 (base 10) in base 12?
-2a6
1110001 (base 2) to base 6
305
Convert -12052 (base 6) to base 9.
-2365
120321 (base 4) to base 9
2160
What is 36107 (base 9) in base 2?
101111001010001
Convert -103021 (base 4) to base 6.
-5401
Convert 102111220 (base 3) to base 14.
30b8
What is -17b (base 12) in base 8?
-357
-1211212 (base 3) to base 2
-10101000010
13 (base 5) to base 2
1000
What is 221002 (base 3) in base 16?
2a5
1583 (base 15) to base 8
11017
What is 910a (base 12) in base 9?
23481
What is 1010 (base 5) in base 8?
202
What is 32232 (base 4) in base 12?
666
1a7 (base 15) to base 8
576
-30010 (base 4) to base 3
-1001121
-3a8 (base 13) to base 2
-1010000101
-25372 (base 11) to base 13
-13735
7bd9 (base 16) to base 6
402441
Convert -32662 (base 8) to base 16.
-35b2
Convert 2403 (base 6) to base 7.
1455
-86 (base 14) to base 7
-226
-201011101 (base 3) to base 7
-55504
What is 98b1 (base 12) in base 2?
100000111000101
1032131 (base 4) to base 3
20212222
Convert 88 (base 15) to base 10.
128
What is 10244 (base 11) in base 3?
202111000
-3300 (base 5) to base 16
-1c2
What is -11000001100 (base 2) in base 15?
-6d3
Convert -2284 (base 10) to base 14.
-b92
-7076 (base 12) to base 6
-132230
32037 (base 8) to base 3
200022012
10002201 (base 3) to base 4
203110
2254 (base 6) to base 14
2a6
401 (base 10) to base 14
209
-3342122 (base 5) to base 15
-1275c
1eb2 (base 16) to base 14
2c14
6328 (base 13) to base 11
a346
Convert 3012 (base 8) to base 16.
60a
-1047 (base 11) to base 9
-1805
What is -100010 (base 2) in base 12?
-2a
Convert -13670 (base 8) to base 11.
-4620
Convert 10153 (base 10) to base 11.
76a0
-1b5 (base 16) to base 2
-110110101
What is 1050 (base 6) in base 7?
501
What is -a44 (base 12) in base 16?
-5d4
61412 (base 7) to base 3
202111212
What is 3401 (base 5) in base 8?
734
What is -6361 (base 7) in base 16?
-8c8
What is -b709 (base 12) in base 4?
-10320321
Convert -46 (base 9) to base 16.
-2a
What is 121003 (base 4) in base 3?
2012101
What is 100202 (base 3) in base 14?
14b
Convert -10110111 (base 2) to base 9.
-223
Convert 4fa (base 16) to base 14.
670
Convert -275 (base 12) to base 14.
-1cd
101011011 (base 2) to base 13
209
What is -22 (base 14) in base 6?
-50
Convert 443320 (base 5) to base 9.
23177
435 (base 9) to base 3
111012
What is -2254 (base 6) in base 8?
-1032
What is 28200 (base 11) in base 16?
9cec
Convert -1a21 (base 12) to base 7.
-12211
What is -484 (base 9) in base 5?
-3100
Convert -63 (base 11) to base 4.
-1011
Convert -2450 (base 6) to base 15.
-2a6
-11c05 (base 14) to base 10
-43517
Convert -1307 (base 8) to base 3.
-222100
1943b (base 12) to base 10
36911
6224 (base 8) to base 10
3220
51 (base 9) to base 10
46
What is 210221 (base 3) in base 7?
1504
Convert 120222 (base 3) to base 15.
1db
-1277 (base 9) to base 14
-4c9
343b (base 12) to base 2
1011010101111
Convert -2681 (base 14) to base 3.
-100022000
Convert 122175 (base 8) to base 4.
22101331
Convert -c36 (base 13) to base 6.
-13333
Convert -630 (base 10) to base 6.
-2530
Convert 693 (base 13) to base 16.
46e
Convert 1010000010 (base 2) to base 16.
282
7158 (base 9) to base 10
5237
Convert 2004 (base 5) to base 9.
312
100101010010011 (base 2) to base 14
6d59
What is -50133 (base 6) in base 3?
-22222010
What is 1969 (base 11) in base 2?
100110111111
What is -34717 (base 9) in base 11?
-16465
66a5 (base 11) to base 6
104511
b042 (base 12) to base 13
88a0
Convert 53633 (base 7) to base 16.
3428
What is 962 (base 12) in base 10?
1370
What is -15379 (base 10) in base 15?
-4854
Convert 1010000000 (base 2) to base 11.
532
-336 (base 12) to base 7
-1245
112 (base 8) to base 4
1022
16626 (base 9) to base 3
120200220
What is 10d8 (base 16) in base 13?
1c69
-3 (base 10) to base 9
-3
What is 3c60 (base 13) in base 15?
289c
-231012 (base 5) to base 15
-26a7
1122000 (base 3) to base 6
5300
1411 (base 8) to base 3
1001210
What is -56666 (base 7) in base 5?
-430110
-2034 (base 6) to base 8
-706
-584 (base 12) to base 15
-39a
What is -380 (base 9) in base 4?
-10323
What is -22121 (base 4) in base 9?
-818
Convert 11033 (base 4) to base 11.
285
Convert 68ba (base 13) to base 7.
60551
Convert a45 (base 11) to base 9.
1648
What is 4614 (base 7) in base 6?
11433
What is -1456 (base 12) in base 10?
-2370
What is -231340 (base 6) in base 12?
-b550
What is -1867 (base 15) in base 12?
-3074
Convert 1201534 (base 6) to base 12.
302aa
What is -187 (base 10) in base 11?
-160
Convert -100001100 (base 2) to base 8.
-414
Convert -35355 (base 6) to base 7.
-20621
Convert 11010100 (ba